Suppose 2*a - o*a = -l. List the prime factors of a.
7
Let h be -3 - (-2 - (0 - 2)). List the prime factors of 85 - -4*h/(-6).
3, 29
Let n = -703 + 1189. List the prime factors of n.
2, 3
Suppose 7 = a - 0*a. Let k be a + 1*(-3)/1. Let v(d) = d**2 - 4*d + 6. List the prime factors of v(k).
2, 3
Suppose 1174 = 8*q - 2034. List the prime factors of q.
401
Let h be 295/(-10)*1*-10. Suppose o - 6*o = 5*a - h, 3*a = 2*o - 138. What are the prime factors of o?
3, 7
Let n(o) = 79*o - 332. List the prime factors of n(21).
1327
Suppose 9*r = 3*r + 30. Suppose -3*f + 477 = -2*p + 5*p, -20 = -r*p. List the prime factors of f.
5, 31
Let y(n) = 4*n - 16. Let f(u) = -8*u + 32. Let d(a) = 6*f(a) + 11*y(a). List the prime factors of d(-9).
2, 13
Let b be ((44 - 4)/4)/(1*2). Suppose 0 = 2*q - b*q + 243. What are the prime factors of q?
3
Let i = -8 + 10. Suppose 5*n = -5*p + i*p - 18, -p = 4*n + 6. List the prime factors of 8/6*p/(-4).
2
Let u(l) = -l**2 + l + 15. Let f be u(6). What are the prime factors of 1/5 - 432/f?
29
Let m be 14/91 - (-48)/26. Let g be 0*(-2)/m + 1. What are the prime factors of 42 - (1 + (4 - g))?
2, 19
Let f be 28/126 + 16/9. Suppose -2*r + 1 = -5*p, 0 = -4*r + 3*p + f*p + 7. Suppose 8 = r*m - 4. What are the prime factors of m?
2
Let y be -1 - -42 - 18/(-6). Suppose k = 28 + y. List the prime factors of k.
2, 3
Let b be ((-27)/6)/((-24)/32). Let x(o) = -o**2 + 5*o + 14. What are the prime factors of x(b)?
2
Let a = -302 - -502. List the prime factors of a.
2, 5
Let q(o) = -4*o - 1. Let c be q(-1). Suppose 0 = 5*x - 8 + c. What are the prime factors of (13 - 4)*(x - 0)?
3
Suppose 58 = 4*h - 798. What are the prime factors of h?
2, 107
Suppose m - 5*m - 412 = -2*g, -15 = 3*m. Suppose 2*h = -62 + g. List the prime factors of h.
67
Suppose -h = -0*g - 3*g - 8, 5*g = 2*h - 15. Suppose -2*x - 3 = -b + 3*x, -3*b - h*x + 49 = 0. What are the prime factors of b?
13
Suppose -20*g + 5567 + 2913 = 0. List the prime factors of g.
2, 53
What are the prime factors of ((-410)/7 - -8)*-7?
2, 3, 59
Suppose -7 + 1 = -3*c. Suppose -c*u + 7*u = w - 7, -5*u = -3*w + 11. Suppose -r - 53 = -w*r. What are the prime factors of r?
53
Suppose -4*h = 4, -702 = -5*m + 4*m - 4*h. What are the prime factors of m?
2, 353
Suppose -9*s = -15*s + 4062. What are the prime factors of s?
677
List the prime factors of -9*3*(-1686)/27.
2, 3, 281
Let k = -13 - -12. Let m = k - -17. Suppose 0 = m*q - 15*q - 3. List the prime factors of q.
3
Let j(t) = 20 - t**2 - 16 + t - 3*t**2 - 2*t**3. List the prime factors of j(-4).
2
Suppose -4*k = 1037 - 2921. What are the prime factors of k?
3, 157
Let y = -2 - -5. Suppose 5*d + y*j - 327 + 69 = 0, -4*d + 200 = -4*j. List the prime factors of d.
3, 17
Suppose 0*s - 10 = -2*s - 4*l, 0 = 5*l. Suppose -100 - 520 = -s*o. What are the prime factors of o?
2, 31
Suppose -5*s + 127 + 1634 = 2*h, -2*s = -4*h + 3462. List the prime factors of h.
2, 7, 31
Suppose -34 + 139 = o. Suppose h = -2*h + o. Let b = 55 - h. List the prime factors of b.
2, 5
Let j(m) = -931 + 12*m**2 - m**3 + 916 + 0*m**2 + 14*m. What are the prime factors of j(11)?
2, 5, 13
Suppose -s = -5*s + 4*h + 1320, 2*s - h = 665. What are the prime factors of s?
5, 67
Let j(d) = 20*d - 1. Let b(u) = -40*u + 2. Let i(a) = 6*b(a) + 13*j(a). What are the prime factors of i(4)?
79
Suppose 0 = 9*s + 4 - 22. What are the prime factors of s?
2
Let o be 3*2/(2 - 0). Let i(n) = -8*n + 2*n**o + 3*n - n**3 + 6*n**2 + 2 - 2*n**3. List the prime factors of i(4).
2, 7
Suppose -3678 - 514 = -8*i. What are the prime factors of i?
2, 131
Let f be (-150)/(-54) - (-2)/9. Let d = 20 - f. List the prime factors of d.
17
Suppose 2294 = 5*j - 1476. List the prime factors of j.
2, 13, 29
Suppose -5*t + 3 = -17. Suppose -x + 4*o = -2, o + o - t = 3*x. Let q(u) = -4*u - 3. List the prime factors of q(x).
5
Suppose 13*a - l + 7160 = 17*a, -4*a - 4*l = -7160. List the prime factors of a.
2, 5, 179
List the prime factors of (48/112)/((-3)/(-1407)).
3, 67
List the prime factors of -69*(1 - 285/9).
2, 23
Let a be ((-6)/5)/(6/(-15)). Suppose -178 - 152 = -a*l. What are the prime factors of l?
2, 5, 11
Let s be 0 + 1 + (-26)/2. Let x be (69/12)/((-11)/(-44)). Let t = x + s. List the prime factors of t.
11
Let l(q) = 63*q - 395. What are the prime factors of l(15)?
2, 5, 11
Let x = -67 - -71. Suppose -x*w + 4*g = -5*w + 122, -2*w = 3*g - 269. List the prime factors of w.
2, 71
List the prime factors of (-2 - (-209)/33)*18.
2, 3, 13
Let g = 53 - 38. Suppose -342 - 303 = -g*t. What are the prime factors of t?
43
Let y(j) = -1090*j + 117. What are the prime factors of y(-3)?
3, 1129
List the prime factors of (4546/1)/((-30)/(-15)) - 2.
3, 757
Let i(f) = 0*f**3 + 2*f**2 - 4*f - 3 - f**2 + 2*f**3. Let p be i(-2). List the prime factors of (-1)/((p/22)/7).
2, 11
Let m = -201 + 800. What are the prime factors of m?
599
Let s(x) = x**3 - 9*x**2 + 2*x - 7. Suppose 4*b = -0*b + 8. Suppose 0 = b*g - 4*u + 2, 9 = 3*u - 6. What are the prime factors of s(g)?
11
Let i(d) = d**3 - 7*d**2 - 8*d + 4. Let k be i(8). Let q be k + (0 - -3) + -13. Let b = q - -46. What are the prime factors of b?
2, 5
Let c(o) = o**3 - 2*o**2 - 4*o + 6. Let f be c(3). List the prime factors of (-426)/(-18) + 1/f.
2, 3
Let d(h) = -5*h - 8. Let k(j) = 5*j + 9. Let n(v) = 7*d(v) + 6*k(v). What are the prime factors of n(-13)?
3, 7
Let l(n) = -n + 27. Let c = -17 - -26. What are the prime factors of l(c)?
2, 3
List the prime factors of 0 + 2065 + -6*(-8)/(-12).
3, 229
Let i(f) = -f**2 - 23*f - 71. What are the prime factors of i(-19)?
5
Suppose -3*a + 3*p = 24, 10 = -a + 2*p - 1. List the prime factors of 123*((-10)/a + -1).
3, 41
Suppose 0 = -2*y + 13 - 5. Let a be y/((-8)/(-10)) - 2. Suppose 40 = h + a*h. List the prime factors of h.
2, 5
Let r be -7 - -4 - -4*2. Suppose -3*c + 203 = -0*c + r*b, c - 41 = 5*b. Let x = -11 + c. What are the prime factors of x?
2, 5
What are the prime factors of 2/(-6) + (-60172)/(-84)?
2, 179
Let l = 649 + -394. Suppose l = -i + 4*i. What are the prime factors of i?
5, 17
Suppose -3*k + 3*y = 8*y + 5, 4*k - 4*y = 36. Suppose 0 = -k*w + 2*t + 228, 4*t + 192 = 2*w + 2*w. List the prime factors of w.
2, 11
Let f(w) = w**2 + 7*w + 4. Let u(s) = s**3 - 4*s**2 - s - 3. Let g be u(4). Let k be f(g). Suppose k = l + 2. List the prime factors of l.
2
Suppose 2 = -4*h + 122. Let g be (-12)/h + (-4)/(-10). Let q = 32 + g. What are the prime factors of q?
2
Let z = -85 - -87. Suppose z*v - 306 = -2*j, -170 = -3*v + 2*j + 299. What are the prime factors of v?
5, 31
Suppose 2*f - 7*f = -4*k - 12, 0 = -2*k - 4*f + 20. Suppose k*s = 111 + 9. List the prime factors of s.
2, 3, 5
Suppose 6*l = 2 + 16. Suppose -2*o - 3*o - 270 = -l*p, 0 = o. List the prime factors of p.
2, 3, 5
Suppose 35*x = 98114 + 27991. What are the prime factors of x?
3, 1201
Let u = 7 - 12. Let b be 25/(-10)*28/u. Let w = -8 + b. List the prime factors of w.
2, 3
Let i be (-39)/(-9) - (-4)/6. Let h(n) = 4 - 3*n**2 + 12*n**2 + 9*n**2 - i. What are the prime factors of h(1)?
17
Let v(l) = l**2 + 17*l + 58. Let j be v(-4). Suppose -2*x = -3*b - 10, -4*x + b + 11 = 1. Suppose -64 = -j*a + x*a. What are the prime factors of a?
2
Let h(l) be the second derivative of -31*l**8/3360 + l**6/720 + l**4/6 + 3*l. Let a(s) be the third derivative of h(s). What are the prime factors of a(-1)?
61
Let k(h) = 2*h**3 + 2*h**2 + h. Let q be k(2). Let j = q + -42. List the prime factors of 2/(-8) - 244/j.
3, 5
Let p(d) = 157*d**2 + 167*d + 18. What are the prime factors of p(-6)?
2, 3, 389
Suppose 30*k - 17323 = -433. List the prime factors of k.
563
Let f(j) = 52*j**2 + 2. Let l be f(4). Suppose l = 17*k - 11*k. What are the prime factors of k?
139
Let q = -39 + 41. Suppose q*a - 2*v + 5*v = 24, -3*a + 22 = v. What are the prime factors of a?
2, 3
Let g = 1127 - -1274. List the prime factors of g.
7
Let q = 23 - 17. Let i be q/21 - 678/21. List the prime factors of (-3)/((-6)/i)*-2.
2
Suppose -2422 = -2*j - 4*h, 2*h - 6 = -h. What are the prime factors of j?
17, 71
Let s be (3/(-2))/(12/208). Let b = s + 29. Suppose -3*p = -2*c - 2*p + 79, 0 = b*p + 15. List the prime factors of c.
37
Let x = 177 + -102. What are the prime factors of x?
3, 5
Suppose -2*p - 345 = -5*h - 4*p, 4*p = -h